+ 0 - -3)/(-4 + 5). Let t(z) = 21*z - 2*z - 19*z + p*z - z**2 + 6. Give t(12).
-18
Let i be 20/15 - (-4 - (-64)/3). Let d(x) be the third derivative of -x**6/120 - 17*x**5/60 - 17*x**4/24 - 17*x**3/6 - 27*x**2 - 1. Give d(i).
-1
Let c(j) = -j**2 + 8*j - 18. Let u(i) = i**3 - 73*i - 216. Let v be u(-6). Determine c(v).
-6
Let t(f) = -f**2 - 515*f + 2602. Let o be t(5). Let n(j) = j + 4. Determine n(o).
6
Let d(v) = -3*v**3 + 4*v**3 - 18*v**2 - 3*v**3 - 18*v + v**3 - 21. Suppose -3*g - 5*z - 86 = 0, -5*g - 22 - 77 = 2*z. Calculate d(g).
-4
Let n = 3 - -188. Let g be (-2)/(-8) - n*(-1)/4. Suppose w = -38 + g. Let t(q) = -q**3 + 11*q**2 - 10*q + 5. What is t(w)?
5
Let o(l) = -l**2 + 23*l - 9. Let t be o(14). Let a = t + -112. Suppose a*m + m - 18 = 0. Let h(w) = 4*w - 7. Calculate h(m).
5
Let w(z) be the third derivative of z**5/30 - 7*z**4/6 + 115*z**3/6 + 12651*z**2. Calculate w(6).
19
Let k(c) = c**2 - 261. Let p be k(-16). Let j(s) = -s**3 - 8*s**2 - 8*s + 5. What is j(p)?
-30
Let l(s) = -11*s + 33. Let k be l(-13). Let r = 182 - k. Let z(i) = -i**2 + 6*i - 9. Determine z(r).
-9
Let q = -109 - -183. Suppose 0 = 4*p - q + 86. Let a(c) = 7*c**3 + c**2 - 6*c - 13. Let m(s) = -4*s**3 + 3*s + 7. Let l(z) = 3*a(z) + 5*m(z). Give l(p).
5
Let z(p) = p**3 + 22*p**2 - 179*p - 307. Let s be z(-28). Let w(q) be the second derivative of q**3/6 - 3*q**2/2 - q. What is w(s)?
-2
Let w(s) = 24*s - 8. Let n(v) be the first derivative of -11*v**2/2 + 5*v + 65. Let x(c) = -13*n(c) - 6*w(c). Calculate x(-12).
-5
Let a(p) = 2 + 31151*p + 1 - 31148*p. Let d(l) = 4*l + 15. Let s be d(-5). Calculate a(s).
-12
Let h(c) = 2*c**2 - 2*c - 3. Let q(t) = -9*t**2 - 14*t - 90. Let d(f) = 4*h(f) + q(f). Determine d(-6).
-6
Let h(k) be the second derivative of k**5/2 - k**4/12 - k**3/3 + 3*k**2/2 + 4813*k. Give h(1).
10
Let i(v) = -75*v**3 - 14*v**2 + 52*v + 94. Let p(t) = 23*t**3 + 5*t**2 - 16*t - 31. Let c(y) = 4*i(y) + 13*p(y). Determine c(10).
-127
Let v(p) = -2 - 2*p + 0 + 8*p**2 + 53983*p**3 - 53984*p**3. Calculate v(6).
58
Let h(y) = 7*y**2 + 2*y - 1. Let u = 61 + -36. Let v = u + -17. Suppose -3*g = -v*g + 5. Determine h(g).
8
Let b be ((-28)/3)/(-7)*(-3)/(-1). Suppose 38 = -b*x + 2*k, -5*x + 3*k - 8*k - 10 = 0. Let j(g) = -g**3 - 7*g**2 + 2*g + 11. Calculate j(x).
-3
Let n(c) = -4*c - 3. Suppose -3*z + 6*z = 4*h - 155, -3*z = -h + 41. Let o be (17 - h)*(-2)/(-6). Give n(o).
25
Let b(d) be the third derivative of -d**4/24 + 3*d**3 + 2*d**2 + 19. Suppose -7*z + 420 = 23*z. What is b(z)?
4
Let m be 5/((-114)/36 - -4). Let z be 48/(-32) - m/(-4). Let p(v) = v**3 + v**2 - v - 9. Calculate p(z).
-9
Suppose -23 = -13*j - 88. Let g(q) = 2*q - 1. Suppose -5*b = 4*t + 14, -2*t = -3*b + 9 + 9. Let u(f) = -2*f + 1. Let l(v) = j*g(v) + t*u(v). Determine l(3).
5
Let f(l) = l**3 - l**2 + l. Let v(h) = 8 + h - 5*h**3 + 5 - 24 + 10*h**2 + 10 - 7*h. Let y(q) = 4*f(q) + v(q). Determine y(5).
14
Let f be (-1)/2*(-108)/27. Let u(p) = -51*p**2 - 60*p**f + p - 1 + 112*p**2. What is u(1)?
1
Suppose 2*g + 3*w = 9, -59*w = g - 61*w + 20. Let u(f) = f**2 - 23*f - 165. Give u(g).
9
Let i(c) = -c**3 + 84*c**2 + 349*c + 245. Let g be i(88). Let f(d) = -25*d - 478. What is f(g)?
-3
Let q(j) be the second derivative of j**5/60 - j**4/2 + 11*j**3/6 + 13*j**2/2 + 2*j + 3. Let k(l) be the first derivative of q(l). Determine k(11).
0
Let x(g) = -g + 2. Suppose 0 = 3*s - w - 133, -s - w + 47 = -0*s. Let f = 52 - s. Determine x(f).
-5
Let k(n) = -32*n**2 + 2*n**2 - n + 29 - 1 + 29*n**2 + 12. Give k(4).
20
Let m be (345/18)/(-23) + (-1370)/(-60). Let r(k) = -k**3 + 27*k**2 - 111*k + 24. What is r(m)?
2
Let k = -22 - -24. Let s(u) = -u**3 + 7*u - 9. Let f be s(k). Let a(q) = 7*q - 2*q - 8*q - 1. What is a(f)?
8
Suppose 2*z = -z - 2*f - 941, 0 = z - 5*f + 325. Let w = -324 - z. Let y(p) = p**3 + 10*p**2 + 8*p - 8. What is y(w)?
1
Suppose 29 = -3*w + 4*t, -3*w + 25*t - 24*t = 14. Let a(f) = -8*f**2 - 2*f - 4. Calculate a(w).
-70
Let m(a) = -a**3 + 9*a**2 + 20*a + 7. Let h = -5345 + 5356. What is m(h)?
-15
Let r(h) = 8*h - 70. Let q be r(10). Let x(b) = 42*b - 412. Let j be x(q). Let c(m) = 7*m - m**3 + 1 + 11*m - 8*m + 7*m**2. Determine c(j).
17
Let t(f) = f**3 - 5*f**2 + 3*f. Let x = -85 - -82. Let q = 7 + x. Calculate t(q).
-4
Let p(w) = -9 - 5 - 8 - 13*w - 22 + 2*w. Calculate p(-4).
0
Let l(u) = -u**3 + 14*u**2 - 16*u + 22. Let g be l(14). Let j = g - -204. Let h(p) = p**3 - 3*p**2 - 1. What is h(j)?
-5
Suppose -3*r + 1 = -w + 6, -r - 2*w - 11 = 0. Let a be -5 + 5 + r + 5. Let q(k) = 5*k - 1. What is q(a)?
9
Let v(t) = 3*t - 54*t**3 + 5*t**2 + 55*t**3 + 4 - t**2. Give v(-5).
-36
Suppose -13 + 3 = -5*w. Let x(k) = 16*k**2 - 1 - 2*k + 11*k**2 - 56*k**2 + 4*k**2 + 24*k**2. Determine x(w).
-9
Let l(v) = v**3 + 9*v**2 + 9*v + 10. Let d(s) = 4*s + 194*s**2 - 4 - 197*s**2 - 5*s + 5*s. Let i be d(2). Give l(i).
2
Let a(t) be the second derivative of t**5/20 - 17*t**4/12 + t**3/3 + 3*t**2/2 + 106*t + 6. Give a(17).
37
Suppose 0 = 2*w - 2*t - 3*t + 14, 4*t - 2 = -3*w. Let o(s) = -81*s**3 + 708 - 353 + 79*s**3 - 357. What is o(w)?
14
Let i(b) be the second derivative of -1/2*b**2 + 2*b + 0 - 1/6*b**3. Let c(f) = -f**3 + 8*f**2 - 23*f + 33. Let z be c(4). What is i(z)?
-6
Let n = -43 + 49. Suppose -4*o - 5*y + 13 = 0, -3*o + n = 2*o - 4*y. Let b(t) = -1 - 46*t - 2 + 47*t + 2. Calculate b(o).
1
Let n(w) = -93*w**3 - 18*w**2 - 63*w - 9. Let f(j) = 2*j**3 + 3*j**2 + 10*j + 1. Let x(p) = 6*f(p) + n(p). Determine x(-1).
81
Let y(q) be the second derivative of q**5/20 - 17*q**4/12 + 8*q**3/3 + 9*q**2/2 - 2179*q. Give y(16).
9
Suppose 2*c + 6 = 4*l, -61*l + 57*l - 29 = 5*c. Let u(q) = 13*q**2 + 3*q. What is u(l)?
10
Let z(b) = -2*b**3 - 3*b**2 - b + 1. Let j = 2668 - 2670. Determine z(j).
7
Let a(d) be the first derivative of -d**4/4 - 5*d**3/3 + 4*d**2 + d + 1. Suppose -17*p = -908 - 843. Suppose -34*o - 307 + p = 0. Calculate a(o).
-11
Let t(f) = f**2 - 4. Let v(n) = 3*n**3 + 44*n**2 - 7*n + 114. Let j be v(-15). What is t(j)?
32
Let n(v) = 79*v. Let w(t) = -83*t - 5. Let l(i) = -n(i) - w(i). Give l(-3).
-7
Let u(c) be the second derivative of 5*c**4/12 + 4*c**3/3 + 3*c**2/2 + 2*c + 666. What is u(-5)?
88
Suppose -49 + 61 = 3*f + 3*j, -f + 3*j - 12 = 0. Let b(n) = 3*n + 7. Let p(g) = 4*g + 7. Let l(o) = 5*b(o) - 4*p(o). Determine l(f).
7
Let j(h) be the first derivative of -4*h**3 - 21*h**2/2 - 23*h - 44. Let k(o) = -5*o**2 - 10*o - 11. Let w(u) = -3*j(u) + 7*k(u). Calculate w(7).
-8
Let q(g) = 2*g**2 + 2*g - 1. Let h be q(1). Let o(d) = -29 + 2*d**2 + 15 + 16 - 25*d - 18*d + 57*d - 18*d. Calculate o(h).
8
Let h(q) = q**3 + 9*q**2 + 12*q + 20. Let a be -10*((-49)/(-196) - (-11)/20). Give h(a).
-12
Let y(m) = -47*m + 58. Let c(k) = -72*k + 87. Let t(w) = -5*c(w) + 8*y(w). Let u(f) = 7*f - 14. Let z(h) = 3*t(h) + 7*u(h). Give z(12).
1
Suppose 4*h - 14 = r, 3*r + 14 = -r + 2*h. Let k(c) = c**2 + c. Let f be k(r). Let x(j) = 2*j**2 + 3*j - 12*j**f + 0*j**2 - 4*j. Give x(-1).
-9
Let w(v) = -3*v**2 - 2*v + 3. Let f(h) = -4*h**2 - h + 4. Let d(q) = 4*f(q) - 5*w(q). Suppose 21*z - 7 = 17*z + 21. What is d(z)?
-6
Let n(m) = -153*m**2 + 18*m - 5. Let v(s) = -134*s**2 + 19*s - 6. Let x(f) = -7*n(f) + 8*v(f). Give x(23).
56
Let k(g) = 71*g**2 - 3*g + 80*g**2 - 7*g**3 - 231*g**2 + 1 + 81*g**2 - 3*g**3. Determine k(1).
-11
Let i(k) = -27*k**2 + 5919*k - 5894*k + 26*k**2 - 70. Determine i(21).
14
Let j = -1 - 4. Let b(i) = -i**3 - 7*i**2 - 11*i - 1. Let s be b(j). Let q(c) = -8 + c**2 - c + c**2 - s*c**2 + 3*c**2. Determine q(0).
-8
Let v(q) be the third derivative of -19*q**4/12 + 532*q**3/3 + 2715*q**2 + 2*q. Determine v(28).
0
Let v(m) = -50*m - 1. Suppose 5*q = -20, 9*n = 12*n - 3*q - 9. What is v(n)?
49
Let u(p) = -29*p + 54. Let x(m) = -29*m + 84. Let s(g) = 3*u(g) - 2*x(g). Calculate s(-1).
23
Let o(k) = k**2 - 14*k. Let a = -2451 + 2461. What is o(a)?
-40
Suppose -v + 24 = -22. Suppose v - 38 = 8*f. Let u(y) = 3*y**2 - 14*y**2 + 4*y**2. Calculate u(f).
-7
Let t(n) = -10*n + 59. Suppose -2*m = 3*g - 6, 5*m - g - 1317 = -1285. What is t(m)?
-1
Let c(n) = -5*n - 2. Let y(g) = -g**3 - 22*g**2 - 97*g - 1135. Let j be y(-20). Suppose z - 13 = -2. Suppose -z = 3*a - j. Determine c(a).
8
Let x = -19 - -21. Let f(w) = -2*w**3 - w + 3.